actor of 619 and 1.
1
What is the highest common factor of 39071 and 89?
89
What is the greatest common divisor of 64 and 704?
64
Calculate the highest common factor of 442 and 204.
34
What is the greatest common factor of 118 and 9499?
59
Calculate the greatest common divisor of 21 and 9.
3
What is the highest common divisor of 7 and 5803?
7
What is the greatest common divisor of 4532 and 88?
44
What is the greatest common divisor of 754 and 2?
2
Calculate the greatest common divisor of 62 and 186.
62
What is the greatest common divisor of 12 and 3012?
12
Calculate the greatest common factor of 294 and 336.
42
What is the greatest common divisor of 4 and 214?
2
Calculate the highest common factor of 2048 and 416.
32
Calculate the highest common divisor of 77 and 22.
11
What is the highest common factor of 12 and 4881?
3
What is the greatest common divisor of 702 and 156?
78
What is the highest common factor of 1825 and 25?
25
What is the highest common divisor of 145 and 225?
5
Calculate the highest common divisor of 84 and 396.
12
What is the greatest common divisor of 3 and 897?
3
What is the highest common divisor of 5124 and 1092?
84
What is the highest common factor of 7 and 53081?
7
What is the greatest common factor of 5100 and 20?
20
Calculate the highest common factor of 3420 and 2166.
114
What is the highest common factor of 714 and 918?
102
Calculate the greatest common factor of 65 and 2808.
13
What is the highest common factor of 243 and 27?
27
Calculate the greatest common divisor of 9061 and 26.
13
What is the greatest common divisor of 7196 and 28?
28
Calculate the highest common factor of 174 and 9.
3
What is the highest common divisor of 7276 and 340?
68
What is the greatest common factor of 41 and 82?
41
What is the highest common divisor of 1629 and 45?
9
What is the highest common factor of 425 and 5270?
85
Calculate the highest common factor of 525 and 63.
21
What is the greatest common factor of 2900 and 220?
20
Calculate the highest common factor of 88 and 198.
22
Calculate the greatest common factor of 108 and 144.
36
Calculate the greatest common divisor of 38676 and 264.
132
Calculate the highest common divisor of 63 and 504.
63
Calculate the highest common divisor of 165 and 885.
15
Calculate the greatest common factor of 640 and 120.
40
What is the highest common divisor of 285 and 4770?
15
What is the highest common divisor of 7314 and 69?
69
What is the greatest common divisor of 11 and 9757?
11
What is the highest common factor of 27380 and 20?
20
What is the greatest common divisor of 216 and 729?
27
Calculate the highest common divisor of 4 and 180.
4
What is the greatest common factor of 136 and 119?
17
What is the greatest common factor of 16 and 6544?
16
What is the highest common divisor of 870 and 70?
10
Calculate the highest common factor of 18672 and 48.
48
Calculate the highest common factor of 5 and 4695.
5
What is the highest common factor of 550 and 231?
11
Calculate the greatest common factor of 16 and 39152.
16
Calculate the highest common factor of 22020 and 36.
12
Calculate the highest common factor of 24713 and 52.
13
What is the greatest common divisor of 156 and 1236?
12
What is the highest common factor of 536 and 938?
134
What is the highest common divisor of 6059 and 73?
73
Calculate the highest common divisor of 25 and 5.
5
Calculate the highest common factor of 1690 and 8112.
338
Calculate the greatest common divisor of 200 and 2760.
40
What is the highest common divisor of 6 and 942?
6
Calculate the highest common factor of 4199 and 5928.
247
What is the highest common divisor of 115 and 10?
5
What is the greatest common divisor of 2 and 29?
1
Calculate the greatest common divisor of 300 and 180.
60
Calculate the greatest common factor of 1270 and 381.
127
Calculate the highest common divisor of 220 and 40.
20
What is the greatest common divisor of 86 and 16?
2
What is the greatest common factor of 20 and 765?
5
Calculate the greatest common divisor of 1066 and 41.
41
Calculate the greatest common divisor of 208 and 117.
13
Calculate the highest common factor of 105 and 45.
15
Calculate the greatest common factor of 846 and 54.
18
Calculate the highest common divisor of 160 and 5.
5
What is the highest common factor of 54 and 90?
18
What is the highest common factor of 1 and 7?
1
What is the greatest common factor of 369 and 261?
9
What is the greatest common factor of 70525 and 91?
91
What is the highest common divisor of 47 and 9071?
47
What is the greatest common factor of 352 and 264?
88
What is the greatest common factor of 1044 and 24?
12
What is the highest common factor of 235 and 15?
5
What is the highest common factor of 2183 and 259?
37
Calculate the greatest common divisor of 775 and 325.
25
Calculate the greatest common divisor of 104 and 884.
52
What is the highest common factor of 10928 and 16?
16
Calculate the greatest common divisor of 192 and 6.
6
What is the greatest common factor of 112 and 91?
7
What is the greatest common factor of 72 and 153?
9
Calculate the greatest common divisor of 558 and 31.
31
What is the highest common divisor of 230 and 414?
46
What is the greatest common divisor of 388 and 9894?
194
What is the highest common factor of 8 and 248?
8
Calculate the highest common divisor of 33 and 176.
11
What is the greatest common divisor of 153 and 102?
51
Calculate the highest common factor of 40 and 1720.
40
Calculate the greatest common factor of 689 and 52.
13
What is the highest common factor of 3415 and 5?
5
What is the greatest common factor of 20 and 5?
5
What is the greatest common divisor of 6 and 4443?
3
Calculate the highest common divisor of 325 and 104.
13
Calculate the highest common factor of 615 and 15.
15
What is the highest common divisor of 123 and 41?
41
What is the greatest common divisor of 1802 and 424?
106
What is the greatest common factor of 545 and 12644?
109
What is the greatest common factor of 6336 and 132?
132
Calculate the highest common divisor of 70 and 310.
10
Calculate the greatest common divisor of 39 and 1131.
39
What is the highest common divisor of 32000 and 125?
125
What is the highest common divisor of 176 and 286?
22
What is the highest common factor of 32 and 104?
8
What is the highest common divisor of 57115 and 5?
5
What is the greatest common divisor of 1206 and 18?
18
Calculate the greatest common divisor of 158 and 45662.
158
Calculate the highest common factor of 143 and 121.
11
Calculate the greatest common divisor of 18 and 4.
2
What is the greatest common divisor of 15 and 90?
15
Calculate the greatest common divisor of 345 and 69.
69
What is the greatest common divisor of 391 and 68?
17
What is the greatest common factor of 1735 and 5?
5
Calculate the highest common factor of 784 and 245.
49
What is the greatest common divisor of 2844 and 1185?
237
Calculate the highest common divisor of 1010 and 630.
10
Calculate the highest common factor of 98 and 56.
14
Calculate the greatest common divisor of 5887 and 29.
29
Calculate the greatest common factor of 1700 and 100.
100
What is the highest common factor of 140 and 735?
35
What is the highest common factor of 171 and 27?
9
What is the highest common divisor of 1702 and 148?
74
Calculate the highest common divisor of 204 and 144.
12
What is the highest common divisor of 123 and 2009?
41
What is the highest common factor of 8912 and 16?
16
What is the highest common divisor of 18326 and 42?
14
What is the highest common divisor of 1212 and 12?
12
What is the highest common divisor of 45 and 315?
45
Calculate the highest common factor of 230 and 1472.
46
What is the highest common divisor of 8395 and 69?
23
Calculate the highest common factor of 651 and 42.
21
Calculate the highest common factor of 13329 and 9.
9
What is the highest common divisor of 225 and 6?
3
What is the greatest common factor of 59 and 1711?
59
Calculate the greatest common factor of 52 and 1976.
52
What is the highest common factor of 2 and 2846?
2
What is the highest common divisor of 74 and 222?
74
Calculate the greatest common divisor of 7 and 287.
7
What is the highest common factor of 297 and 3024?
27
What is the highest common divisor of 80 and 24460?
20
Calculate the gre